culate the highest common factor of 275 and m.
55
Suppose 0 = -0*g + 5*g - 10. Suppose -v - 1 = -2*w, 2*v - g + 4 = -3*w. Suppose 2*x = -w*x + 16. What is the highest common factor of x and 24?
8
Suppose n - 5*q + 4 = 0, -3*q + 8 + 4 = n. Let u(o) = -o**3 - 5*o**2 - 6*o - 2. Let g be u(-4). What is the greatest common factor of g and n?
6
Suppose p - 118 = 42. What is the highest common factor of 60 and p?
20
Suppose 12*j = 16*j + 4. Let q be (-1 - 26/6)/(j/3). Calculate the greatest common divisor of q and 16.
16
Let w(v) = -v**2 - 11*v - 16. Let q be w(-9). Suppose 9*t = 7*t + q. Calculate the greatest common divisor of t and 4.
1
Let y = -1193 + 500. Let a = -422 - y. Let w = 396 - a. What is the greatest common divisor of w and 50?
25
Suppose 20*v - 13650 = 5150. What is the highest common divisor of v and 20?
20
Let i = -1130 - -1270. Calculate the highest common divisor of 84 and i.
28
Let z(l) = -l**2 - 19*l - 18. Let v be z(-18). Suppose v = 2*b - b - 20. Suppose i - 6*i = -b. What is the greatest common factor of 6 and i?
2
Let r = -27 - -29. Let f be (15/r)/(5/10). What is the highest common divisor of 3 and f?
3
Let n(c) = 3*c**3 + 6*c**2 - 2. Let l be n(-4). Let v = l + 143. Calculate the highest common divisor of 30 and v.
15
Let g be ((-4)/12)/(1/(-12)). Suppose g*n = 8*n. Suppose -11*l + 9*l + 26 = n. What is the greatest common factor of l and 104?
13
Let d = 8 + -9. Let p(b) = -b - 7. Let i be p(-6). Let x be 90/(i/(-2) - d). What is the highest common divisor of 15 and x?
15
Let t(u) = u**2 + 60. Let s be t(0). Suppose 2*m = -s + 610. Calculate the greatest common divisor of 110 and m.
55
Suppose -14*x = -10*x - 44. What is the highest common divisor of 5 and x?
1
Let x be (-5 + 83)*(-4 + 88/12). What is the highest common factor of 52 and x?
52
Suppose j + 163 - 3 = -4*d, -5*d = 4*j + 695. Let s = j - -255. What is the highest common divisor of 50 and s?
25
Let s(v) = 67*v**2 + 7*v - 5. Let g be s(1). Let n(w) = -w + 5 + 2*w + 41. Let r be n(0). Calculate the greatest common divisor of r and g.
23
Let u = 6 + -3. Let w be (160/(-12))/4*u. Let y(l) = l**2 + 9*l + 2. Let g be y(w). Calculate the greatest common divisor of 36 and g.
12
Let t = -491 + 571. Suppose -4*h = -162 - 78. Calculate the highest common divisor of t and h.
20
Let r(c) = -c**2 - 14*c + 9. Let n(f) = -f**2 - 15*f + 9. Let s(h) = -4*n(h) + 5*r(h). Let p be s(-10). What is the greatest common factor of p and 1?
1
Let x = 1123 - 988. What is the greatest common divisor of 5 and x?
5
Suppose 13 = 2*h - 3. Suppose 0 = 206*v - 200*v - 120. What is the highest common factor of v and h?
4
Suppose -3*g + 52 = 4*v, -5*g + 132 - 42 = 5*v. Let q = g - 18. What is the highest common divisor of q and 22?
2
Let h = 156 + -121. Suppose 3*f + s - 30 = 0, 5 - h = -3*f + 3*s. Calculate the greatest common divisor of 30 and f.
10
Suppose 3*s = -2*l + 62, -16 - 58 = -3*l + 5*s. Let p be (-3)/4 + (7161/44)/21. Calculate the greatest common divisor of l and p.
7
Suppose -a + 40 = -3*z, 27 = -3*z - 2*a - 28. Let v be (54/z)/(6/(-15)). What is the highest common factor of 63 and v?
9
Let h(n) = -n**2 - 4*n + 5. Let q be h(-4). Suppose -2*x - 16 = 2*x, -x = -q*z - 1. Let k = z - -3. Calculate the greatest common factor of k and 16.
2
Let x(z) = -3*z**2 + 118*z - 84. Let l(m) = -m**2 + 59*m - 42. Let d(j) = -7*l(j) + 3*x(j). Let b be d(-30). What is the highest common factor of b and 6?
6
Suppose 25 = 5*n, n + 19 = j + 2*j. Suppose 0 = 2*y - u - j, 2*y - 5*u + 0*u = 0. Let r = -135 + 140. Calculate the greatest common divisor of y and r.
5
Let n(d) = -d - 1. Let b(s) = 30. Let g(o) = b(o) - n(o). Let i be g(5). What is the greatest common factor of i and 288?
36
Let f be (-2)/(-4) - (-55615)/70. Calculate the highest common factor of 15 and f.
15
Let o(u) = -33*u + 28. Let y be o(4). Let b be (((-27)/12)/9)/(2/y). Calculate the highest common divisor of b and 117.
13
Let o(f) = f + 17. Let z be o(-13). Suppose 5*p - 73 = -3*g - g, -z*g + 47 = 3*p. Calculate the greatest common factor of 13 and p.
13
Let a(p) = -p**3 + 11*p**2 - 27*p - 6. Let t be a(7). Let f be t*-1 - (36/(-9) - 18). What is the highest common divisor of f and 147?
21
Let a = 11 - 7. Let f = 5 + a. Let z = -79 - -151. Calculate the greatest common factor of f and z.
9
Let f = -13 - -223. Let h be 12*f/20*2/12. Calculate the greatest common factor of 7 and h.
7
Suppose -69 = 13*h - 14*h. Calculate the greatest common factor of h and 345.
69
Suppose -118 = -5*j + a, -5*a - 9 = -j + 5. Suppose 123 = 4*t - 165. Calculate the greatest common factor of j and t.
24
Suppose 182 = 5*n + 57. What is the greatest common factor of 725 and n?
25
Suppose 9*t - 10*t + 381 = 0. Suppose 3*l = t + 483. Calculate the highest common divisor of l and 32.
32
Suppose 0 = -4*m + 1 + 11. Suppose 2*k - 7*k = -5*p - 325, m*p = -5*k - 203. Let t be 326/22 + (-12)/p. Calculate the highest common divisor of t and 3.
3
Let q = 22 + -34. Let s = -19 - q. Let u = 1 - s. Calculate the highest common factor of u and 64.
8
Suppose 3*a = -5*s + 3 + 16, -a - 2*s = -7. Let p(t) = 4*t + 5 + 6 + 8 - a*t. Let r be p(-8). Calculate the highest common factor of r and 11.
11
Suppose r + q = -133 + 1217, 3*r - q = 3236. What is the greatest common divisor of 36 and r?
36
Let c = 149 + -144. Suppose -c*s + 19 + 31 = 0. Calculate the highest common factor of 290 and s.
10
Let o be 29/((-203)/(-1638)) - 9. What is the greatest common divisor of 50 and o?
25
Let b be (-30)/35 - 4/(1*28). Let m be b/(2/(-14)) + 5. Calculate the greatest common divisor of m and 24.
12
Let j be 206/7 - (-27)/(-63). Suppose -j = -m + 3*a - 7, -5*m = a - 142. Calculate the greatest common divisor of 28 and m.
28
Let f = 26 - 22. Suppose 1 = -u, -f*n + 0*n + 63 = -3*u. Suppose 0 = -4*g + 186 + 294. Calculate the greatest common factor of n and g.
15
Let x = 156 + -4. Suppose 4*w - 2*m - 302 = -m, x = 2*w - m. What is the highest common factor of 15 and w?
15
Let o(d) = -d**3 + 8*d**2 + 25*d + 9. Let k be o(-5). What is the greatest common factor of k and 19?
19
Suppose 77 + 155 = 4*v. Calculate the greatest common divisor of v and 319.
29
Let q = -46 - -73. Let n = 135 + q. Suppose n = -w + 4*w. What is the highest common factor of 36 and w?
18
Let m be 1/(-1 - 84/(-82)). Suppose y + 4*n - 10 - m = 0, n - 98 = -3*y. Suppose 49 = 4*g - y. What is the greatest common factor of g and 20?
20
Let m be 3*-1 + 0 + 11. Suppose u = -u + m. Let h be (0 + 1)*(u - -18). Calculate the greatest common factor of h and 11.
11
Let g = -3574 - -3591. Suppose -3*a - 5*c = -230, -75 = -0*a - a - 2*c. Calculate the highest common factor of a and g.
17
Suppose -f = -72 + 66. Let i be 19/(-2 + f/2). Calculate the highest common factor of 19 and i.
19
Let t(p) = -4*p - 8. Let w(b) = b. Let j(v) = -t(v) - 2*w(v). Let a be j(-3). Let i be -4 + 0 - -30 - a. Calculate the greatest common factor of 60 and i.
12
Let g(y) be the second derivative of -11*y**5/20 + y**4/12 - y**3/2 - y**2 + 5*y. Let o be g(-2). Calculate the greatest common divisor of 12 and o.
12
Suppose 0 = -149*g + 144*g + 1445. Calculate the greatest common factor of 17 and g.
17
Let l = 15 - 11. Suppose 2*u = 2*g + 2*g - 58, u - l*g + 39 = 0. Let d = 35 - u. Calculate the highest common divisor of 6 and d.
6
Let w = -680 + 700. Calculate the highest common divisor of w and 430.
10
Let w be (60/(-10))/(2/18). Let c be (0 - -2) + (-9)/(w/348). Calculate the greatest common factor of c and 12.
12
Suppose -r + 0*f = 2*f - 4, -2*f = -5*r + 44. Let l be (-72)/(-27)*18/r. Suppose -60 = 4*x - l*x. Calculate the highest common divisor of x and 15.
15
Suppose -39*z + 2127 = -330. Calculate the highest common factor of 168 and z.
21
Let a be ((-39)/12)/(1/(-24)). Suppose 1 = -o + a. What is the greatest common divisor of o and 7?
7
Let x = 53 + -33. Suppose -u = 3*n + 3*u - 146, -2*u = 3*n - 148. Calculate the highest common divisor of x and n.
10
Suppose 3*h + 5*a - 7 = 0, -3*h + 3 = 2*a + 2. Let p be -2 + 3/((-6)/(-20)). Let j be (0 - h)/(p/16). What is the highest common divisor of j and 20?
2
Let o(y) = 2*y**3 + 2*y**2 - y - 15. Let m(x) = x**2 + x - 1. Let b(u) = 6*m(u) - o(u). Let s be b(-2). What is the highest common factor of s and 6?
3
Let t(o) 